{"id":75,"date":"2010-12-10T21:42:37","date_gmt":"2010-12-10T20:42:37","guid":{"rendered":"http:\/\/abi.allebrodt.net\/index.php\/"},"modified":"2010-12-10T22:31:13","modified_gmt":"2010-12-10T21:31:13","slug":"aktuelles","status":"publish","type":"page","link":"http:\/\/abi.allebrodt.net\/index.php\/aktuelles\/","title":{"rendered":"Aktuelles"},"content":{"rendered":"<p>Was geht gerade ab?<\/p>\n<p>Zum Beispiel <a title=\"Mailadresse kaputt\" href=\" http:\/\/abi.allebrodt.net\/index.php\/aktuelles\/vermisstenanzeigen\/\" target=\"_self\">Fehler in mail-Adressen<\/a><\/p>\n","protected":false},"excerpt":{"rendered":"<p>Was geht gerade ab? Zum Beispiel Fehler in mail-Adressen<\/p>\n","protected":false},"author":3,"featured_media":0,"parent":0,"menu_order":0,"comment_status":"closed","ping_status":"open","template":"","meta":{"ngg_post_thumbnail":0,"jetpack_post_was_ever_published":false},"jetpack_sharing_enabled":true,"jetpack_shortlink":"https:\/\/wp.me\/P6YdrU-1d","jetpack-related-posts":[{"id":78,"url":"http:\/\/abi.allebrodt.net\/index.php\/aktuelles\/vermisstenanzeigen\/","url_meta":{"origin":75,"position":0},"title":"Vermisstenanzeigen\u2026","date":"10. Dezember 2010","format":false,"excerpt":"In meinem mail-Verteiler, der mittlerweile etwas in die Jahre gekommen ist, gibt es einige Adressen, die leider nur noch Fehler zur\u00fcckmelden. Vielleicht kann jemand helfen und die aktuellen Adressen mitteilen? Einfach ne kurze Mitteilung an meine mail-Adresse... Nach meinem gestrigen \"Update\" sind ein paar falsche Adressen korrigiert worden, daf\u00fcr sind\u2026","rel":"","context":"Mit 1 Kommentar","img":{"alt_text":"","src":"","width":0,"height":0},"classes":[]},{"id":207,"url":"http:\/\/abi.allebrodt.net\/index.php\/gallerie\/fette-86-25jahriges-jubilaum-am-8-oktober-2011\/","url_meta":{"origin":75,"position":1},"title":"Fet(t)e 86 &#8211; 25j\u00e4hriges Jubil\u00e4um am 8. Oktober 2011","date":"21. Oktober 2011","format":false,"excerpt":"Am 08. Oktober 2011 haben wir unser 25j\u00e4hriges Abi z\u00fcnftig mit B\u00e4umchensetzen und Joker begangen. Hier sind die Foto-Dokumente: Link zum Album von Stefan","rel":"","context":"Mit 1 Kommentar","img":{"alt_text":"","src":"","width":0,"height":0},"classes":[]}],"_links":{"self":[{"href":"http:\/\/abi.allebrodt.net\/index.php\/wp-json\/wp\/v2\/pages\/75"}],"collection":[{"href":"http:\/\/abi.allebrodt.net\/index.php\/wp-json\/wp\/v2\/pages"}],"about":[{"href":"http:\/\/abi.allebrodt.net\/index.php\/wp-json\/wp\/v2\/types\/page"}],"author":[{"embeddable":true,"href":"http:\/\/abi.allebrodt.net\/index.php\/wp-json\/wp\/v2\/users\/3"}],"replies":[{"embeddable":true,"href":"http:\/\/abi.allebrodt.net\/index.php\/wp-json\/wp\/v2\/comments?post=75"}],"version-history":[{"count":4,"href":"http:\/\/abi.allebrodt.net\/index.php\/wp-json\/wp\/v2\/pages\/75\/revisions"}],"predecessor-version":[{"id":98,"href":"http:\/\/abi.allebrodt.net\/index.php\/wp-json\/wp\/v2\/pages\/75\/revisions\/98"}],"wp:attachment":[{"href":"http:\/\/abi.allebrodt.net\/index.php\/wp-json\/wp\/v2\/media?parent=75"}],"curies":[{"name":"wp","href":"https:\/\/api.w.org\/{rel}","templated":true}]}}